 11, what is 1011 - -72?
1083
In base 9, what is -4543 + -33?
-4576
In base 16, what is 4 - -1a983?
1a987
In base 6, what is 20042033 - 5?
20042024
In base 14, what is 4078 - 11c?
3d5a
In base 3, what is 12122 + -1202?
10220
In base 6, what is -11134 - -5?
-11125
In base 14, what is 5 - -20543?
20548
In base 8, what is -1466524 - -4?
-1466520
In base 9, what is -441 - 1083?
-1534
In base 6, what is 10 - -20044?
20054
In base 11, what is -4 - -25523?
2551a
In base 4, what is -31 - -322221?
322130
In base 7, what is -2342 + -15406?
-21051
In base 3, what is -2000200221 - -12?
-2000200202
In base 7, what is 3 + 555211?
555214
In base 13, what is -2aa6 - -17?
-2a8c
In base 2, what is 0 + 100101110101?
100101110101
In base 14, what is -19 - 21938?
-21953
In base 2, what is 111101100001 + 1001?
111101101010
In base 8, what is 10702433 - 2?
10702431
In base 14, what is 49282 - -3?
49285
In base 4, what is 121320202 - -3?
121320211
In base 4, what is -11110011 + -10?
-11110021
In base 15, what is 142c - -1e?
144b
In base 15, what is 9 + 3974a?
39754
In base 9, what is -12 + -540832?
-540844
In base 13, what is -4 + 67c?
678
In base 12, what is -10 + -48326?
-48336
In base 13, what is 832 + -16?
819
In base 13, what is -3556c - 42?
-355b1
In base 15, what is -12b41 + b?
-12b35
In base 8, what is 1 - 62275?
-62274
In base 15, what is 456c - -1?
456d
In base 12, what is -9b6443 + -2?
-9b6445
In base 11, what is -3 - 433a?
-4342
In base 7, what is -6 - -40113?
40104
In base 12, what is -5 + 3a8b4?
3a8ab
In base 11, what is 45025 - -26?
45050
In base 16, what is -91ce - -5?
-91c9
In base 7, what is -44 + -3503?
-3550
In base 5, what is 421033 + 1131?
422214
In base 3, what is 2 + 1200220120?
1200220122
In base 7, what is -136064 + 3?
-136061
In base 3, what is -201222012211202 + -10?
-201222012211212
In base 2, what is -1001001000 - -11011?
-1000101101
In base 12, what is -35 + 2a48?
2a13
In base 14, what is 6 + -5b8d5?
-5b8cd
In base 3, what is 100121000 - 202?
100120021
In base 4, what is -3231 + 12322?
3031
In base 6, what is 115233 + 540?
120213
In base 13, what is 14 - 3709?
-36c5
In base 12, what is -9084 - 105?
-9189
In base 12, what is 1 + 5a712?
5a713
In base 11, what is 1164a97 + 0?
1164a97
In base 11, what is -a7a36 - 5?
-a7a40
In base 15, what is b5b2a + -7?
b5b23
In base 2, what is -1010111 + -1101011?
-11000010
In base 16, what is -83 + db?
58
In base 14, what is 13047 - -b?
13054
In base 6, what is 4 - 52455?
-52451
In base 11, what is 31 + -4913?
-4892
In base 5, what is 122401011 + -10?
122401001
In base 3, what is 1 + -112111121?
-112111120
In base 5, what is 2 - 2024?
-2022
In base 9, what is 12680 - 0?
12680
In base 7, what is 1 - -23116?
23120
In base 5, what is -3 - -3320?
3312
In base 3, what is -222 - 2121011?
-2122010
In base 13, what is 3 + 18728?
1872b
In base 4, what is 3 + 202201320?
202201323
In base 8, what is 6 + -13213?
-13205
In base 3, what is -121110110 - -2?
-121110101
In base 11, what is -2 + 3569?
3567
In base 16, what is -eb4 - -211?
-ca3
In base 13, what is -1 - -37c?
37b
In base 8, what is 16 + 16760?
16776
In base 7, what is -1 + 146155?
146154
In base 4, what is 2003 + -3313?
-1310
In base 6, what is -5 - -1050404?
1050355
In base 13, what is 8b13 - -5?
8b18
In base 5, what is 112 + -3444?
-3332
In base 3, what is -1201 + 10022212012?
10022210111
In base 13, what is -2667 - 9?
-2673
In base 6, what is -2145335 + -3?
-2145342
In base 6, what is 322 - 223?
55
In base 14, what is 76d8 - -1?
76d9
In base 11, what is 4 - 48375a?
-483756
In base 2, what is 10010110101110011 + 1010?
10010110101111101
In base 5, what is -100 + -13?
-113
In base 10, what is -3158 - 131?
-3289
In base 7, what is -53 - -1153?
1100
In base 15, what is -32 + 131c?
12da
In base 4, what is -301 + -310310?
-311211
In base 3, what is -122211 - -1001212?
102001
In base 11, what is -3 - -7889?
7886
In base 16, what is 14c8 - -2?
14ca
In base 8, what is -5 + -34465?
-34472
In base 14, what is 4642d + d?
4643c
In base 3, what is 12012 + -201011?
-111222
In base 12, what is 231 - 351?
-120
In base 10, what is 21 + 309?
330
In base 15, what is a937 + 9?
a941
In base 5, what is -21431 + 223?
-21203
In base 14, what is 698 + -14?
684
In base 10, what is 10241 + -15?
10226
In base 5, what is 4004114 + -41?
4004023
In base 16, what is 3c3d + -2?
3c3b
In base 13, what is -41 + 44b9?
4478
In base 12, what is -2 + -9b12?
-9b14
In base 14, what is -2a + 4015?
3dc9
In base 14, what is -4 + -66a7?
-66ab
In base 13, what is -2 + 7a50?
7a4b
In base 14, what is -29dab - -1?
-29daa
In base 16, what is -6 - -1af3a?
1af34
In base 5, what is 420013 - 4?
420004
In base 9, what is 124031 - -6?
124037
In base 16, what is 342f9 - -4?
342fd
In base 14, what is 2 + 27d44?
27d46
In base 14, what is -4 - -1c9d5?
1c9d1
In base 12, what is 5 - -70b0?
70b5
In base 13, what is 35ca + -4?
35c6
In base 15, what is 4 - 561b9?
-561b5
In base 12, what is -10090 - 4?
-10094
In base 5, what is 10 - -313224?
313234
In base 13, what is -81384 - 0?
-81384
In base 10, what is 621 - 2?
619
In base 8, what is -1203 - 453?
-1656
In base 15, what is 8 + 8b61?
8b69
In base 11, what is -10 + -1348?
-1358
In base 7, what is -5 - -101460?
101452
In base 10, what is 0 - -1311?
1311
In base 6, what is -1051 + -302?
-1353
In base 7, what is -5 - -126323?
126315
In base 7, what is 40246 - -2?
40251
In base 3, what is -10012102 + -20?
-10012122
In base 7, what is 21040 - 534?
20203
In base 5, what is -23120 + 10?
-23110
In base 5, what is 1 + 243431110?
243431111
In base 7, what is 0 + 4541621?
4541621
In base 13, what is 4 - -233b8?
233bc
In base 5, what is 301024 - -1440?
303014
In base 8, what is 21 - -2473?
2514
In base 11, what is 5a767 + 4?
5a770
In base 4, what is 0 + 12312121?
12312121
In base 9, what is -4 - -51?
46
In base 3, what is 12 + 110121221?
110122010
In base 4, what is -33 - -11231312?
11231213
In base 5, what is -201 + 1042?
341
In base 2, what is 10001111011000001 + -100?
10001111010111101
In base 11, what is -96115 + 3?
-96112
In base 11, what is 70 - 1005?
-a45
In base 6, what is 1111 - 12344?
-11233
In base 9, what is 2 - -54038?
54041
In base 15, what is -28c - 17b0?
-1a4c
In base 7, what is 30 - 3643?
-3613
In base 9, what is 223 - 26105?
-25772
In base 10, what is 24246 - 11?
24235
In base 6, what is -2 + -541541?
-541543
In base 6, what is -3 - -32514140?
32514133
In base 9, what is 10 - -155550?
155560
In base 11, what is -27 + 2887?
2860
In base 16, what is d548 - 5?
d543
In base 16, what is -2e0fe8 - 1?
-2e0fe9
In base 4, what is -11 - -11322?
11311
In base 4, what is -22112 + 200?
-21312
In base 6, what is -213 - 105?
-322
In base 7, what is -36640 + 221?
-36416
In base 9, what is -383034 - -5?
-383028
In base 6, what is -3513 - -310?
-3203
In base 8, what is -1453 + -3?
-1456
In base 7, what is -34302 - 12?
-34314
In base 11, what is -109 + 39?
-80
In base 11, what is 8 + 8aa48?
8aa55
In base 10, what is -1 + 409?
408
In base 14, what is -3341 - -11?
-3330
In base 3, what is -111012011 - -12010?
-111000001
In base 2, what is -1110011101000000011 - -10?
-1110011101000000001
In base 2, what is 101 + -10001110101100011100?
-10001110101100010111
In base 13, what is -11a451 + -4?
-11a455
In base 3, what is -101122 - -21002?
-10120
In base 5, what is 1042243 - -10?
1042303
In base 4, what is 30000330 + -11?
30000313
In base 16, what is -231 + -b5?
-2e6
In base 2, what is 10111011001001011010 + 1?
10111011001001011011
In base 12, what is 3 + 2173b?
21742
In base 3, what is -1120020120 - -11?
-1120020102
In base 15, what is 40e5 + 6?
40eb
In base 3, what is -221 - -2120101111?
2120100120
In base 10, what is 1767822 + -5?
1767817
In base 11, what is 1 - -7a913?
7a914
In base 6, what is -10 - -15203?
15153
In base 9, what is -40637 - -2?
-40635
In base 11, what is 46 - 289?
-243
In base 10, what is -5 + 80?
75
In base 3, what is 20 + 1002001222?
1002002012
In base 15, what is 1c5 - -16?
1db
In base 3, what is 120102 - 1022102?
-202000
In base 5, what is 1013102214 - 10?
1013102204
In base 5, what is -22 + -200040?
-200112
In base 7, what is -1132 - -311?
-521
In base 2, what is -111 + -1000100101111101101?
-1000100101111110100
In base 3, what is -2020 + 10100?
1010
In base 11,